{"id":161,"date":"2024-05-21T13:37:12","date_gmt":"2024-05-21T13:37:12","guid":{"rendered":"https:\/\/bandsaege-selber-bauen.de\/?page_id=161"},"modified":"2024-05-30T13:58:48","modified_gmt":"2024-05-30T13:58:48","slug":"faq-zur-bandsaege","status":"publish","type":"page","link":"https:\/\/bandsaege-selber-bauen.de\/?page_id=161","title":{"rendered":"FAQ zur Bands\u00e4ge"},"content":{"rendered":"\n<h1 class=\"wp-block-heading\">FAQ zur Bands\u00e4ge<\/h1>\n\n\n\n<div class=\"wp-block-group is-layout-constrained wp-block-group-is-layout-constrained\">\n<details class=\"wp-block-details is-layout-flow wp-block-details-is-layout-flow\"><summary>Was kostet es, die Bands\u00e4ge zu bauen?<\/summary>\n<p>Wir bekommen oft die Frage, was Projekte zum Nachbauen kosten.<br>Leider k\u00f6nnen wir nicht absch\u00e4tzen, f\u00fcr welchen Preis ihr Material einkauft, welches Werkzeug noch angeschafft werden muss oder ob es schon vorhanden ist<br>Genau so k\u00f6nnten Bauteile oder Material noch in eurem Bestand sein.<br>All dies l\u00e4sst eine Breite sch\u00e4tzen von 1&nbsp;\u20ac (Alles da) bis zu 50.000 (Werkstatt muss angemietet werden, alles Werkzeug muss noch gekauft werden&nbsp;\u2026)<br>Ihr seht schon. Es ist f\u00fcr einen Au\u00dfenstehenden nicht m\u00f6glich, deine Baukosten auch nur grob abzusch\u00e4tzen.<\/p>\n<\/details>\n\n\n\n<details class=\"wp-block-details is-layout-flow wp-block-details-is-layout-flow\"><summary><strong>Welche Motoren kann ich f\u00fcr die Bands\u00e4ge verwenden?<\/strong><\/summary>\n<p>Die Bands\u00e4ge ist f\u00fcr g\u00e4ngige Elektromotoren ausgelegt. Ein 400V Motor mit 1500W wird empfohlen, aber die Plattform ist universell anpassbar. Falls du einen leistungsschw\u00e4cheren 230V Motor verwendest, kann es sein, dass dieser Schwierigkeiten beim Auftrennen vom Holz hat.<\/p>\n<\/details>\n\n\n\n<details class=\"wp-block-details is-layout-flow wp-block-details-is-layout-flow\"><summary><strong>Kann ich auch OSB oder Spanplatte nehmen?<\/strong><\/summary>\n<p>Davon rate ich ab, da diese viel instabiler ist als Multiplex. Und ihr wollt nicht, dass euch die Bands\u00e4ge beim Einschalten rei\u00dft etc.<\/p>\n<\/details>\n\n\n\n<details class=\"wp-block-details is-layout-flow wp-block-details-is-layout-flow\"><summary><strong>Wie viele Multiplexplatten brauche ich?<\/strong><\/summary>\n<p>Wir haben es ausgerechnet, Du brauchst weniger als 2 St\u00fcck  2.500 x 1.250 mm Platten in 18 mm St\u00e4rke.<\/p>\n<\/details>\n\n\n\n<details class=\"wp-block-details is-layout-flow wp-block-details-is-layout-flow\"><summary><strong><strong>Warum ist der S\u00e4getisch nicht schwenkbar?<\/strong><\/strong><\/summary>\n<p>Ein fester S\u00e4getisch erh\u00f6ht die Stabilit\u00e4t und Pr\u00e4zision. Nachtr\u00e4gliche Einstellungen sind dennoch m\u00f6glich, um Flexibilit\u00e4t zu gew\u00e4hrleisten.<\/p>\n<\/details>\n\n\n\n<details class=\"wp-block-details is-layout-flow wp-block-details-is-layout-flow\"><summary><strong><strong><strong>Wie funktioniert die Spannvorrichtung?<\/strong><\/strong><\/strong><\/summary>\n<p>Die Spannvorrichtung erm\u00f6glicht das Entspannen des S\u00e4geblatts in einer Sekunde, wodurch der Rahmen nicht st\u00e4ndig unter Spannung steht und sich nicht verzieht.<\/p>\n<\/details>\n\n\n\n<details class=\"wp-block-details is-layout-flow wp-block-details-is-layout-flow\"><summary><strong><strong><strong><strong>Kann ich verschiedene S\u00e4geb\u00e4nder verwenden?<\/strong><\/strong><\/strong><\/strong><\/summary>\n<p>Ja, die Bandf\u00fchrung ist anpassbar und erm\u00f6glicht den Einsatz verschiedener S\u00e4geb\u00e4nder ohne zus\u00e4tzliches Werkzeug.<\/p>\n<\/details>\n\n\n\n<details class=\"wp-block-details is-layout-flow wp-block-details-is-layout-flow\"><summary><strong><strong><strong><strong><strong>Wie funktioniert die Absaugung?<\/strong><\/strong><\/strong><\/strong><\/strong><\/summary>\n<p>Die Bands\u00e4ge bietet sowohl eine aktive als auch eine passive Absaugung. Die Sp\u00e4ne k\u00f6nnen nach vorne abgeleitet werden, und es besteht die M\u00f6glichkeit, eine Absauganlage anzuschlie\u00dfen.<\/p>\n<\/details>\n\n\n\n<details class=\"wp-block-details is-layout-flow wp-block-details-is-layout-flow\"><summary><strong><strong><strong><strong><strong><strong>Ist der Parallelanschlag leicht abnehmbar?<\/strong><\/strong><\/strong><\/strong><\/strong><\/strong><\/summary>\n<p>Ja, der Parallelanschlag kann in Sekunden abgenommen werden und bietet hohe Pr\u00e4zision und Stabilit\u00e4t.<\/p>\n<\/details>\n\n\n\n<details class=\"wp-block-details is-layout-flow wp-block-details-is-layout-flow\"><summary><strong><strong><strong><strong><strong><strong><strong>Wie einfach ist der Nachbau und die Reparatur?<\/strong><\/strong><\/strong><\/strong><\/strong><\/strong><\/strong><\/summary>\n<p>Jedes Teil der Bands\u00e4ge ist einfach nachbaubar, was die Reparatur und Wartung erheblich erleichtert. Die Bauanleitung ist detailliert und f\u00fcr Anf\u00e4nger und Profis gleicherma\u00dfen geeignet.<\/p>\n<\/details>\n\n\n\n<details class=\"wp-block-details is-layout-flow wp-block-details-is-layout-flow\"><summary><strong><strong><strong><strong><strong><strong><strong><strong>Welche Materialien werden f\u00fcr den Bau ben\u00f6tigt?<\/strong><\/strong><\/strong><\/strong><\/strong><\/strong><\/strong><\/strong><\/summary>\n<p>F\u00fcr den Bau der Bands\u00e4ge werden etwa 5 bis 6 Quadratmeter Multiplex (18 mm St\u00e4rke) und 1 Quadratmeter MDF (18 mm St\u00e4rke) ben\u00f6tigt. Der Unterschrank ist optional, aber empfohlen.<\/p>\n<\/details>\n\n\n\n<details class=\"wp-block-details is-layout-flow wp-block-details-is-layout-flow\"><summary><strong><strong><strong><strong><strong><strong><strong><strong><strong>Wie gro\u00df ist die Bands\u00e4ge?<\/strong><\/strong><\/strong><\/strong><\/strong><\/strong><\/strong><\/strong><\/strong><\/summary>\n<p>Die Bands\u00e4ge ist 72 cm breit, 74 cm tief und ohne Unterschrank 134 cm hoch. Mit Unterschrank betr\u00e4gt die H\u00f6he etwa 170 bis 180 cm.<\/p>\n<\/details>\n\n\n\n<details class=\"wp-block-details is-layout-flow wp-block-details-is-layout-flow\"><summary><strong><strong><strong><strong><strong><strong><strong><strong><strong><strong>Gibt es eine Bauanleitung?<\/strong><\/strong><\/strong><\/strong><\/strong><\/strong><\/strong><\/strong><\/strong><\/strong><\/summary>\n<p>Ja, es gibt eine detaillierte Bauanleitung, die alle Schritte und ben\u00f6tigten Materialien umfasst. Diese ist sowohl f\u00fcr Anf\u00e4nger als auch f\u00fcr erfahrene Heimwerker geeignet.<\/p>\n<\/details>\n<\/div>\n","protected":false},"excerpt":{"rendered":"<p>FAQ zur Bands\u00e4ge<\/p>\n","protected":false},"author":1,"featured_media":0,"parent":0,"menu_order":0,"comment_status":"closed","ping_status":"closed","template":"","meta":{"footnotes":""},"class_list":["post-161","page","type-page","status-publish","hentry"],"_links":{"self":[{"href":"https:\/\/bandsaege-selber-bauen.de\/index.php?rest_route=\/wp\/v2\/pages\/161","targetHints":{"allow":["GET"]}}],"collection":[{"href":"https:\/\/bandsaege-selber-bauen.de\/index.php?rest_route=\/wp\/v2\/pages"}],"about":[{"href":"https:\/\/bandsaege-selber-bauen.de\/index.php?rest_route=\/wp\/v2\/types\/page"}],"author":[{"embeddable":true,"href":"https:\/\/bandsaege-selber-bauen.de\/index.php?rest_route=\/wp\/v2\/users\/1"}],"replies":[{"embeddable":true,"href":"https:\/\/bandsaege-selber-bauen.de\/index.php?rest_route=%2Fwp%2Fv2%2Fcomments&post=161"}],"version-history":[{"count":5,"href":"https:\/\/bandsaege-selber-bauen.de\/index.php?rest_route=\/wp\/v2\/pages\/161\/revisions"}],"predecessor-version":[{"id":361,"href":"https:\/\/bandsaege-selber-bauen.de\/index.php?rest_route=\/wp\/v2\/pages\/161\/revisions\/361"}],"wp:attachment":[{"href":"https:\/\/bandsaege-selber-bauen.de\/index.php?rest_route=%2Fwp%2Fv2%2Fmedia&parent=161"}],"curies":[{"name":"wp","href":"https:\/\/api.w.org\/{rel}","templated":true}]}}